site?
True
Is 1615881269 a prime number?
False
Is 114666466919 a prime number?
True
Is 38338022669 a prime number?
True
Is 16476851891 prime?
False
Is 1076259757 a prime number?
True
Is 4710517117 a composite number?
False
Is 277731749 a prime number?
True
Is 4271671421 prime?
True
Is 5615529721 a prime number?
True
Is 1503663383 a composite number?
False
Is 833412273 composite?
True
Is 17874300593 a prime number?
False
Is 4286131979 a composite number?
False
Is 1116469207 prime?
False
Is 10114984073 composite?
True
Is 57500617 a prime number?
True
Is 761704351 composite?
True
Is 8726088263 a composite number?
False
Is 12257381729 composite?
False
Is 13329123334 a composite number?
True
Is 123337968023 a prime number?
False
Is 90079579 composite?
True
Is 2965266043 prime?
True
Is 14145869891 composite?
True
Is 28092924091 a prime number?
False
Is 16339304963 prime?
True
Is 69496707653 a prime number?
True
Is 7345714009 a composite number?
False
Is 104473228803 composite?
True
Is 4960835993 a prime number?
True
Is 17542537577 composite?
False
Is 864199894 a prime number?
False
Is 1356242717 prime?
True
Is 41671683941 composite?
True
Is 3332296753 a prime number?
True
Is 2192922863 composite?
False
Is 1152454315 prime?
False
Is 509663369 a composite number?
False
Is 189965093 composite?
True
Is 1775785469 prime?
True
Is 381188701 a composite number?
False
Is 97109671 prime?
False
Is 1625727749 a prime number?
True
Is 5403886343 composite?
False
Is 2386053113 prime?
False
Is 6668151433 a composite number?
True
Is 18132924257 prime?
False
Is 40920721 prime?
True
Is 1759895663 composite?
False
Is 13176837077 prime?
True
Is 14826536443 prime?
True
Is 1445077709 a composite number?
True
Is 2305703969 a composite number?
False
Is 15470831303 composite?
False
Is 863284613 a prime number?
False
Is 14090862041 a prime number?
True
Is 57861364469 a composite number?
False
Is 230829947 composite?
True
Is 12158693383 a prime number?
False
Is 408891641 a composite number?
False
Is 216400693 a composite number?
False
Is 7253907173 a composite number?
False
Is 6361321217 a composite number?
False
Is 12112189399 composite?
False
Is 9812813767 prime?
True
Is 2627312879 a prime number?
True
Is 4011469547 prime?
False
Is 21186952595 composite?
True
Is 835216021 composite?
False
Is 39005427209 composite?
True
Is 5654123 a composite number?
False
Is 386244251 composite?
True
Is 48766301 composite?
False
Is 55919044763 a composite number?
False
Is 11220072961 a composite number?
False
Is 20246320477 prime?
True
Is 38616889 prime?
False
Is 1806335563 a composite number?
True
Is 37921212067 a prime number?
False
Is 247863550189 a composite number?
False
Is 22311431 prime?
True
Is 336490909 a prime number?
True
Is 4132529713 prime?
False
Is 12126058691 composite?
False
Is 6871177367 a prime number?
True
Is 3625241969 prime?
True
Is 111868741 a composite number?
True
Is 147428933 a composite number?
True
Is 259881593485 prime?
False
Is 338831917 a prime number?
True
Is 12995253499 prime?
True
Is 494426222 a composite number?
True
Is 396421297 prime?
True
Is 26306080667 composite?
False
Is 60005738359 a composite number?
True
Is 7362312779 composite?
False
Is 19689956381 a prime number?
True
Is 431816197 composite?
False
Is 26389235879 prime?
False
Is 7269736479 a prime number?
False
Is 31940683481 a composite number?
True
Is 2126420459 a prime number?
False
Is 3425594327 a composite number?
True
Is 169603024963 a composite number?
False
Is 5590623307 prime?
True
Is 8859056633 prime?
False
Is 14071626197 a composite number?
False
Is 99713767297 composite?
False
Is 3029032381 prime?
True
Is 68921906381 composite?
False
Is 43604577823 composite?
True
Is 26308643971 a composite number?
False
Is 182840393 composite?
True
Is 2229777881 a composite number?
True
Is 261350177 composite?
True
Is 7791516983 composite?
True
Is 250350967 prime?
True
Is 258778187 a composite number?
True
Is 6886177081 composite?
True
Is 61663672933 a prime number?
True
Is 77058893 prime?
True
Is 120478665621 prime?
False
Is 50790293011 a composite number?
False
Is 1923664073 a prime number?
True
Is 1068941777 a prime number?
False
Is 92095390313 a composite number?
True
Is 411504089 a prime number?
True
Is 1325921189 a composite number?
True
Is 1257236129 composite?
False
Is 1799762603 composite?
True
Is 71014810453 a composite number?
False
Is 12687362957 prime?
False
Is 407225113 prime?
True
Is 13146763229 composite?
False
Is 16133263 a composite number?
True
Is 48178774037 a prime number?
True
Is 74971129 prime?
False
Is 570822877 prime?
False
Is 2805426917 prime?
False
Is 15463328009 composite?
True
Is 38134568273 a composite number?
True
Is 420857939 prime?
True
Is 3047877857 a composite number?
True
Is 21279666365 a composite number?
True
Is 9055614109 a composite number?
False
Is 3449069 a composite number?
True
Is 651116327 a prime number?
False
Is 424188671 a prime number?
False
Is 4337992933 composite?
False
Is 61248270979 a composite number?
True
Is 47428863809 a prime number?
False
Is 61348351 composite?
True
Is 10510385737 a prime number?
False
Is 8643012746 a composite number?
True
Is 341494247 prime?
True
Is 104090817 composite?
True
Is 5839898 prime?
False
Is 57343665629 a prime number?
True
Is 146676997 prime?
False
Is 1683888303 composite?
True
Is 996881881 prime?
False
Is 7565161757 prime?
False
Is 5142067655 a composite number?
True
Is 140091018031 a prime number?
True
Is 5352288817 prime?
True
Is 413038723 prime?
True
Is 2078873803 prime?
True
Is 3177845647 prime?
True
Is 11494199917 composite?
False
Is 2895584521 a composite number?
False
Is 42817496311 a prime number?
False
Is 4492991401 composite?
False
Is 932697995 composite?
True
Is 1183890011 a composite number?
False
Is 613038523 composite?
False
Is 1122429109 prime?
True
Is 1272846947 a prime number?
False
Is 14267353333 composite?
False
Is 865675991 a prime number?
True
Is 705754369 a composite number?
False
Is 452412377 a composite number?
False
Is 2490440389 composite?
True
Is 5725722059 a prime number?
True
Is 7502098141 a composite number?
False
Is 693038287 a composite number?
False
Is 1258336994 a composite number?
True
Is 18307083727 prime?
True
Is 5345192003 composite?
True
Is 18227798521 a prime number?
True
Is 4508459987 prime?
True
Is 183650737 prime?
True
Is 5980627649 a prime number?
True
Is 215783072563 prime?
True
Is 2518698583 a prime number?
False
Is 701306953 prime?
True
Is 73233763639 a prime number?
True
Is 88256870201 a prime number?
True
Is 3896866709 composite?
False
Is 28427510317 a composite number?
False
Is 87129967 composite?
False
Is 2454916895 composite?
True
Is 4821897137 prime?
True
Is 22765622741 a composite number?
True
Is 61509247537 prime?
True
Is 1629585617 a prime number?
False
Is 262179877 composite?
False
Is 26216388553 a composite number?
False
Is 19965037723 composite?
True
Is 17327880079 a prime number?
False
Is 39738967 a composite number?
False
Is 8081115851 a composite number?
True
Is 6479949899 a composite number?
True
Is 1967644681 prime?
False
Is 106289837699 composite?
False
Is 4603905197 prime?
True
Is 3419306117 prime?
True
Is 195707848939 a prime number?
True
Is 1969576121 prime?
False
Is 17015260541 prime?
True
Is 199512421 prime?
True
Is 21621652315 a prime number?
False
Is 16782235273 a prime number?
False
Is 10707173497 a prime number?
True
Is 8504930305 a composite number?
True
Is 128222333 a prime number?
True
Is 711020605 a prime number?
False
Is 82706511611 prime?
False
Is 555223511 a composite number?
True
Is 475845313 prime?
True
Is 8067719489 prime?
True
Is 1595903087 a composite number?
True
Is 3620116655 a prime number?
False
Is 28276882703 a prime number?
False
Is 1204319783 a prime number?
False
Is 7353828749 a prime number?
True
Is 22586786723 composite?
True
Is 1000400959 a composite number?
True
Is 529588802 prime?
False
Is 203950966 a composite number?
True
Is 360033761 composite?
False
Is 6537478169 composite?
False
Is 7402102537 prime?
False
Is 9924423683 a composite number?
False
Is 257050669 a prime number?
False
Is 561496751 a composite number?
False
Is 32113092989 a composite number?
True
Is 464792219 a prime number?
False
Is 5546470147 a pr